{"id":501,"date":"2021-12-18T19:15:05","date_gmt":"2021-12-18T23:15:05","guid":{"rendered":"http:\/\/obotodexico.com.br\/?page_id=501"},"modified":"2022-01-16T22:14:32","modified_gmt":"2022-01-17T02:14:32","slug":"capitulo-12","status":"publish","type":"page","link":"http:\/\/obotodexico.com.br\/index.php\/capitulo-12\/","title":{"rendered":"cap\u00edtulo 12"},"content":{"rendered":"\t\t<div data-elementor-type=\"wp-page\" data-elementor-id=\"501\" class=\"elementor elementor-501\" data-elementor-settings=\"[]\">\n\t\t\t\t\t\t\t<div class=\"elementor-section-wrap\">\n\t\t\t\t\t\t\t<section class=\"elementor-section elementor-top-section elementor-element elementor-element-71a46376 elementor-section-full_width elementor-section-stretched elementor-section-height-default elementor-section-height-default\" data-id=\"71a46376\" data-element_type=\"section\" data-settings=\"{&quot;stretch_section&quot;:&quot;section-stretched&quot;,&quot;background_background&quot;:&quot;classic&quot;}\">\n\t\t\t\t\t\t<div class=\"elementor-container elementor-column-gap-default\">\n\t\t\t\t\t<div class=\"elementor-column elementor-col-100 elementor-top-column elementor-element elementor-element-4bfc7189\" data-id=\"4bfc7189\" data-element_type=\"column\">\n\t\t\t<div class=\"elementor-widget-wrap elementor-element-populated\">\n\t\t\t\t\t\t\t\t<div class=\"elementor-element elementor-element-16024566 elementor-widget elementor-widget-heading\" data-id=\"16024566\" data-element_type=\"widget\" data-widget_type=\"heading.default\">\n\t\t\t\t<div class=\"elementor-widget-container\">\n\t\t\t<h2 class=\"elementor-heading-title elementor-size-default\">O Cobrador da Amaz\u00f4nia\n<\/h2>\t\t<\/div>\n\t\t\t\t<\/div>\n\t\t\t\t<div class=\"elementor-element elementor-element-6bcd9c30 elementor-widget elementor-widget-text-editor\" data-id=\"6bcd9c30\" data-element_type=\"widget\" data-widget_type=\"text-editor.default\">\n\t\t\t\t<div class=\"elementor-widget-container\">\n\t\t\t\t\t\t\t<p>Autor: Chicco Moreira<\/p>\t\t\t\t\t\t<\/div>\n\t\t\t\t<\/div>\n\t\t\t\t\t<\/div>\n\t\t<\/div>\n\t\t\t\t\t\t\t<\/div>\n\t\t<\/section>\n\t\t\t\t<section class=\"elementor-section elementor-top-section elementor-element elementor-element-1f9cb00 elementor-section-full_width elementor-section-height-default elementor-section-height-default\" data-id=\"1f9cb00\" data-element_type=\"section\">\n\t\t\t\t\t\t<div class=\"elementor-container elementor-column-gap-default\">\n\t\t\t\t\t<div class=\"elementor-column elementor-col-33 elementor-top-column elementor-element elementor-element-940a2c7\" data-id=\"940a2c7\" data-element_type=\"column\">\n\t\t\t<div class=\"elementor-widget-wrap elementor-element-populated\">\n\t\t\t\t\t\t\t\t<div class=\"elementor-element elementor-element-15307c4 elementor-align-center elementor-widget elementor-widget-button\" data-id=\"15307c4\" data-element_type=\"widget\" data-widget_type=\"button.default\">\n\t\t\t\t<div class=\"elementor-widget-container\">\n\t\t\t\t\t<div class=\"elementor-button-wrapper\">\n\t\t\t<a href=\"http:\/\/obotodexico.com.br\/index.php\/capitulo-11\/\" class=\"elementor-button-link elementor-button elementor-size-sm\" role=\"button\">\n\t\t\t\t\t\t<span class=\"elementor-button-content-wrapper\">\n\t\t\t\t\t\t<span class=\"elementor-button-icon elementor-align-icon-left\">\n\t\t\t\t<i aria-hidden=\"true\" class=\"far fa-arrow-alt-circle-left\"><\/i>\t\t\t<\/span>\n\t\t\t\t\t\t<span class=\"elementor-button-text\">Anterior<\/span>\n\t\t<\/span>\n\t\t\t\t\t<\/a>\n\t\t<\/div>\n\t\t\t\t<\/div>\n\t\t\t\t<\/div>\n\t\t\t\t\t<\/div>\n\t\t<\/div>\n\t\t\t\t<div class=\"elementor-column elementor-col-33 elementor-top-column elementor-element elementor-element-a23be57\" data-id=\"a23be57\" data-element_type=\"column\">\n\t\t\t<div class=\"elementor-widget-wrap elementor-element-populated\">\n\t\t\t\t\t\t\t\t<div class=\"elementor-element elementor-element-cc7bf6e elementor-align-center elementor-mobile-align-left elementor-widget elementor-widget-button\" data-id=\"cc7bf6e\" data-element_type=\"widget\" data-widget_type=\"button.default\">\n\t\t\t\t<div class=\"elementor-widget-container\">\n\t\t\t\t\t<div class=\"elementor-button-wrapper\">\n\t\t\t<a href=\"http:\/\/obotodexico.com.br\/\" class=\"elementor-button-link elementor-button elementor-size-sm\" role=\"button\">\n\t\t\t\t\t\t<span class=\"elementor-button-content-wrapper\">\n\t\t\t\t\t\t<span class=\"elementor-button-icon elementor-align-icon-right\">\n\t\t\t\t<i aria-hidden=\"true\" class=\"fas fa-home\"><\/i>\t\t\t<\/span>\n\t\t\t\t\t\t<span class=\"elementor-button-text\">\u00cdndice<\/span>\n\t\t<\/span>\n\t\t\t\t\t<\/a>\n\t\t<\/div>\n\t\t\t\t<\/div>\n\t\t\t\t<\/div>\n\t\t\t\t\t<\/div>\n\t\t<\/div>\n\t\t\t\t<div class=\"elementor-column elementor-col-33 elementor-top-column elementor-element elementor-element-b9aa9bd\" data-id=\"b9aa9bd\" data-element_type=\"column\">\n\t\t\t<div class=\"elementor-widget-wrap elementor-element-populated\">\n\t\t\t\t\t\t\t\t<div class=\"elementor-element elementor-element-187aefe elementor-align-center elementor-widget elementor-widget-button\" data-id=\"187aefe\" data-element_type=\"widget\" data-widget_type=\"button.default\">\n\t\t\t\t<div class=\"elementor-widget-container\">\n\t\t\t\t\t<div class=\"elementor-button-wrapper\">\n\t\t\t<a href=\"http:\/\/obotodexico.com.br\/index.php\/capitulo-13\/\" class=\"elementor-button-link elementor-button elementor-size-sm\" role=\"button\">\n\t\t\t\t\t\t<span class=\"elementor-button-content-wrapper\">\n\t\t\t\t\t\t<span class=\"elementor-button-icon elementor-align-icon-right\">\n\t\t\t\t<i aria-hidden=\"true\" class=\"far fa-arrow-alt-circle-right\"><\/i>\t\t\t<\/span>\n\t\t\t\t\t\t<span class=\"elementor-button-text\">Pr\u00f3ximo<\/span>\n\t\t<\/span>\n\t\t\t\t\t<\/a>\n\t\t<\/div>\n\t\t\t\t<\/div>\n\t\t\t\t<\/div>\n\t\t\t\t\t<\/div>\n\t\t<\/div>\n\t\t\t\t\t\t\t<\/div>\n\t\t<\/section>\n\t\t\t\t<section class=\"elementor-section elementor-top-section elementor-element elementor-element-0ff16ff elementor-section-boxed elementor-section-height-default elementor-section-height-default\" data-id=\"0ff16ff\" data-element_type=\"section\">\n\t\t\t\t\t\t<div class=\"elementor-container elementor-column-gap-default\">\n\t\t\t\t\t<div class=\"elementor-column elementor-col-100 elementor-top-column elementor-element elementor-element-80e0529\" data-id=\"80e0529\" data-element_type=\"column\">\n\t\t\t<div class=\"elementor-widget-wrap elementor-element-populated\">\n\t\t\t\t\t\t\t\t<div class=\"elementor-element elementor-element-f2b9eaf elementor-widget elementor-widget-heading\" data-id=\"f2b9eaf\" data-element_type=\"widget\" data-widget_type=\"heading.default\">\n\t\t\t\t<div class=\"elementor-widget-container\">\n\t\t\t<h2 class=\"elementor-heading-title elementor-size-default\">XII.\tUm crime na floresta<\/h2>\t\t<\/div>\n\t\t\t\t<\/div>\n\t\t\t\t\t<\/div>\n\t\t<\/div>\n\t\t\t\t\t\t\t<\/div>\n\t\t<\/section>\n\t\t\t\t<section class=\"elementor-section elementor-top-section elementor-element elementor-element-a4a46cf elementor-section-boxed elementor-section-height-default elementor-section-height-default\" data-id=\"a4a46cf\" data-element_type=\"section\">\n\t\t\t\t\t\t<div class=\"elementor-container elementor-column-gap-default\">\n\t\t\t\t\t<div class=\"elementor-column elementor-col-100 elementor-top-column elementor-element elementor-element-86705ba\" data-id=\"86705ba\" data-element_type=\"column\">\n\t\t\t<div class=\"elementor-widget-wrap elementor-element-populated\">\n\t\t\t\t\t\t\t\t<div class=\"elementor-element elementor-element-108a2e6 elementor-widget elementor-widget-text-editor\" data-id=\"108a2e6\" data-element_type=\"widget\" data-widget_type=\"text-editor.default\">\n\t\t\t\t<div class=\"elementor-widget-container\">\n\t\t\t\t\t\t\t<p>Envolto nessa atmosfera de lendas e hist\u00f3rias espetaculares, num passeio pela vila para aliviar as tens\u00f5es, Francisco tem um choque ao ouvir boatos sobre um assassinato em Xavier. Surgem relatos aterrorizantes sobre um velho gordo e uma mulher encontrados mortos dentro nas terras de Lindemberg. Estarrecido, o professor n\u00e3o acredita na hist\u00f3ria. O tom grotesco com o qual a popula\u00e7\u00e3o se refere ao epis\u00f3dio o deixa sufocado. \u201cAs pessoas falam da morte e dos mortos com desd\u00e9m, com uma frieza que eu nunca tinha visto na minha vida\u201d, reflete.<\/p><p>\u00a0<\/p>\t\t\t\t\t\t<\/div>\n\t\t\t\t<\/div>\n\t\t\t\t\t<\/div>\n\t\t<\/div>\n\t\t\t\t\t\t\t<\/div>\n\t\t<\/section>\n\t\t\t\t<section class=\"elementor-section elementor-top-section elementor-element elementor-element-b46b370 elementor-section-boxed elementor-section-height-default elementor-section-height-default\" data-id=\"b46b370\" data-element_type=\"section\">\n\t\t\t\t\t\t<div class=\"elementor-container elementor-column-gap-default\">\n\t\t\t\t\t<div class=\"elementor-column elementor-col-100 elementor-top-column elementor-element elementor-element-42158de\" data-id=\"42158de\" data-element_type=\"column\">\n\t\t\t<div class=\"elementor-widget-wrap elementor-element-populated\">\n\t\t\t\t\t\t\t\t<div class=\"elementor-element elementor-element-3874dd9 elementor-widget elementor-widget-image\" data-id=\"3874dd9\" data-element_type=\"widget\" data-widget_type=\"image.default\">\n\t\t\t\t<div class=\"elementor-widget-container\">\n\t\t\t\t\t\t\t\t\t\t\t\t\t\t\t<img loading=\"lazy\" decoding=\"async\" width=\"1024\" height=\"729\" src=\"http:\/\/obotodexico.com.br\/wp-content\/uploads\/2022\/01\/12-1024x729.jpg\" class=\"attachment-large size-large\" alt=\"\" srcset=\"http:\/\/obotodexico.com.br\/wp-content\/uploads\/2022\/01\/12-1024x729.jpg 1024w, http:\/\/obotodexico.com.br\/wp-content\/uploads\/2022\/01\/12-300x214.jpg 300w, http:\/\/obotodexico.com.br\/wp-content\/uploads\/2022\/01\/12-768x547.jpg 768w, http:\/\/obotodexico.com.br\/wp-content\/uploads\/2022\/01\/12.jpg 1300w\" sizes=\"auto, (max-width: 1024px) 100vw, 1024px\" \/>\t\t\t\t\t\t\t\t\t\t\t\t\t\t\t<\/div>\n\t\t\t\t<\/div>\n\t\t\t\t\t<\/div>\n\t\t<\/div>\n\t\t\t\t\t\t\t<\/div>\n\t\t<\/section>\n\t\t\t\t<section class=\"elementor-section elementor-top-section elementor-element elementor-element-dbeebb7 elementor-section-boxed elementor-section-height-default elementor-section-height-default\" data-id=\"dbeebb7\" data-element_type=\"section\">\n\t\t\t\t\t\t<div class=\"elementor-container elementor-column-gap-default\">\n\t\t\t\t\t<div class=\"elementor-column elementor-col-100 elementor-top-column elementor-element elementor-element-c2b8a26\" data-id=\"c2b8a26\" data-element_type=\"column\">\n\t\t\t<div class=\"elementor-widget-wrap elementor-element-populated\">\n\t\t\t\t\t\t\t\t<div class=\"elementor-element elementor-element-6c439ce elementor-widget elementor-widget-text-editor\" data-id=\"6c439ce\" data-element_type=\"widget\" data-widget_type=\"text-editor.default\">\n\t\t\t\t<div class=\"elementor-widget-container\">\n\t\t\t\t\t\t\t<p style=\"font-size: 16px; font-style: normal; font-weight: 400;\">Segundo dizem, o gordo estaria investigando o patr\u00e3o e teria sido morto com pauladas na cabe\u00e7a, homic\u00eddio brutal. A mulher ruiva, acompanhante do velho, foi estrangulada, era o que se dizia.<\/p><p style=\"font-size: 16px; font-style: normal; font-weight: 400;\">Francisco n\u00e3o conseguia imaginar Amelinha com os olhos arregalados de pavor nem o falastr\u00e3o Abreu com a cabe\u00e7a esfacelada por um porrete. Com falta de ar, voltou para a casa, as passadas largas e aceleradas, em busca de Telma e Messias.<\/p><p style=\"font-size: 16px; font-style: normal; font-weight: 400;\">\u2014 \u00c9 verdade, mataram os dois. Foi coisa feia. Arrebentaram o cr\u00e2nio do gordo.<\/p><p style=\"font-size: 16px; font-style: normal; font-weight: 400;\">Messias falou com autoridade, como se tivesse ido ao local do crime.<\/p><p style=\"font-size: 16px; font-style: normal; font-weight: 400;\">Telma arrematou:<\/p><p style=\"font-size: 16px; font-style: normal; font-weight: 400;\">\u2014 A cara da mulher era de terror. Os dois estavam do jeitinho que vieram ao mundo, peladinhos.<\/p><p style=\"font-size: 16px; font-style: normal; font-weight: 400;\">As mortes cravaram uma certeza, para o professor: em Xavier, as pessoas n\u00e3o manifestam empatia com o que chamam de \u201cestrangeiros\u201d. Apesar de nojento, o gordo n\u00e3o merecia fim t\u00e3o cruel, no meio da floresta, considerou o mestre. \u201cNada justifica o assassinato de um ser humano\u201d, pensou.<\/p><p style=\"font-size: 16px; font-style: normal; font-weight: 400;\">Messias fez um alerta:<\/p><p style=\"font-size: 16px; font-style: normal; font-weight: 400;\">\u2014 Logo esta vila estar\u00e1 repleta de policiais da capital. Abreu era um homem de posses, n\u00e3o era um ribeirinho comum.<\/p><p style=\"font-size: 16px; font-style: normal; font-weight: 400;\">O professor recupera imagens do casal, no navio, na charrete, no Pombal (ter\u00e1 sido real?), revolta-se com o crime b\u00e1rbaro. \u201cTudo a mando de Lindemberg\u201d, acredita o mestre.<\/p><p style=\"font-size: 16px; font-style: normal; font-weight: 400;\">Mais que neg\u00f3cios, Abreu tinha uma miss\u00e3o em Xavier: acabar com o poder de um homem rico, explorador dos ribeirinhos plantadores de juta e conhecido pela alcunha de patr\u00e3o.<\/p><p style=\"font-size: 16px; font-style: normal; font-weight: 400;\">Por dias, at\u00e9 a chegada dos investigadores, reinou o mais absoluto sil\u00eancio sobre o crime e os mortos. Um nome, no entanto, caiu na boca do povo: Jonas. Desde os assassinatos, o filho do boto passou a desfilar na cidade bem vestido e a frequentar o bar com dinheiro de sobra. Francisco lembrou do encontro furtivo com Jana\u00edna e especulou: \u201cAbreu assassinado pelos dois, a mando de Lindemberg\u201d.<\/p><p style=\"font-size: 16px; font-style: normal; font-weight: 400;\">Os dias que se seguiram ati\u00e7aram a curiosidade da popula\u00e7\u00e3o de Xavier, principalmente depois da chegada dos policiais da capital. Instaurado o inqu\u00e9rito, procuradas poss\u00edveis testemunhas, nenhuma porta se abria para o desvendamento do homic\u00eddio. Com as pesquisas paradas, Francisco se isola, desconfiado e apavorado. Sente o desequil\u00edbrio de suas fun\u00e7\u00f5es org\u00e2nicas.<\/p><p style=\"font-size: 16px; font-style: normal; font-weight: 400;\">Num fim de tarde modorrento, encosta no bar de Miro e pede uma pinga. A velha falta de ar o persegue. Amelinha e Abreu, cabe\u00e7a esfacelada, ela estrangulada, as italianas, o ch\u00e1, fantasia ou realidade?<\/p><p style=\"font-size: 16px; font-style: normal; font-weight: 400;\">Miro fica boquiaberto ao perceber a chegada de Jonas, exibindo trajes novos e coloridos, um par de t\u00eanis e \u00f3culos de sol. Com cautela, o professor confere dos p\u00e9s \u00e0 cabe\u00e7a os trajes do caboclo metido a galanteador.<\/p><p style=\"font-size: 16px; font-style: normal; font-weight: 400;\">Ningu\u00e9m conversa, e o sil\u00eancio s\u00f3 \u00e9 quebrado quando Jonas pede uma cerveja, pela primeira vez na sua vida, para espanto de todos os fi\u00e9is frequentadores do boteco do Miro. At\u00e9 aquele dia, Jonas s\u00f3 tinha dinheiro para a habitual cacha\u00e7a.<\/p><p style=\"font-size: 16px; font-style: normal; font-weight: 400;\">Conhecedor da clientela, Miro olha desconfiado para Jonas, serve a cerveja gelada. O filho do boto percebe a atitude do velho Miro e, em tom de malcria\u00e7\u00e3o, mostra a carteira cheia de dinheiro sem se dar conta da presen\u00e7a dos homens da lei.<\/p><p style=\"font-size: 16px; font-style: normal; font-weight: 400;\">\u2014 T\u00e1 pensando o qu\u00ea, Miro? Eu tenho dinheiro, tu qu\u00e9 v\u00ea?<\/p><p style=\"font-size: 16px; font-style: normal; font-weight: 400;\">Quanto mais o mestre tenta afastar-se de situa\u00e7\u00f5es problem\u00e1ticas, mais a vida parece lev\u00e1-lo a essas veredas conturbadas. S\u00f3 que, dessa vez, toma um susto ao presenciar tamanha petul\u00e2ncia de Jonas. Francisco reconhece a carteira do velho Abreu assassinado nas m\u00e3os do prepotente filho de boto. A mesma carteira que o mestre havia apanhado do esgoto dias atr\u00e1s, e entregue ao senhor embriagado.<\/p><p style=\"font-size: 16px; font-style: normal; font-weight: 400;\">Instintivamente, o professor olha para os homens da lei, presentes no local, que nada percebem, enquanto Jonas exibe o novo visual e esbanja uma riqueza adquirida ilicitamente.<\/p><p style=\"font-size: 16px; font-style: normal; font-weight: 400;\">\u2014 Um assassino frio e burro.<\/p><p style=\"font-size: 16px; font-style: normal; font-weight: 400;\">Sem sa\u00edda, precisa reagir, e n\u00e3o pode deixar que o filho do boto desconfie que a carteira de Abreu foi reconhecida.<\/p><p style=\"font-size: 16px; font-style: normal; font-weight: 400;\">Os policiais levantam-se e saem do bar, enquanto Jonas, pelo seu jeito, n\u00e3o parece temer qualquer condena\u00e7\u00e3o. Pelo contr\u00e1rio. Est\u00e1 muito tranquilo. Embora todos tenham visto aquela carteira recheada de dinheiro, ningu\u00e9m tomou qualquer atitude. Francisco pensou:<\/p><p style=\"font-size: 16px; font-style: normal; font-weight: 400;\">\u2014 Os policiais j\u00e1 foram e ningu\u00e9m mais vai fazer nada?<\/p><p style=\"font-size: 16px; font-style: normal; font-weight: 400;\">Tonto, Francisco busca a luz do sol. Ao chegar \u00e0 frente do boteco, respira com energia, percebendo no outro lado da rua os agentes, que conversavam com Lindemberg e Jana\u00edna.<\/p><p style=\"font-size: 16px; font-style: normal; font-weight: 400;\">O mestre sabe do que se trata. O patr\u00e3o d\u00e1 uns tapinhas no ombro dos homens, amistosamente, e sai, impoluto. Os policiais viram as costas a qualquer senso de dever. Na manh\u00e3 seguinte, v\u00e3o embora daquelas terras distantes como se n\u00e3o tivessem encontrado duas pessoas seviciadas e executadas com frieza. Caso encerrado. Os poderosos d\u00e3o as cartas.<\/p>\n<p><\/p>\t\t\t\t\t\t<\/div>\n\t\t\t\t<\/div>\n\t\t\t\t\t<\/div>\n\t\t<\/div>\n\t\t\t\t\t\t\t<\/div>\n\t\t<\/section>\n\t\t\t\t<section class=\"elementor-section elementor-top-section elementor-element elementor-element-3fe3523 elementor-section-boxed elementor-section-height-default elementor-section-height-default\" data-id=\"3fe3523\" data-element_type=\"section\">\n\t\t\t\t\t\t<div class=\"elementor-container elementor-column-gap-default\">\n\t\t\t\t\t<div class=\"elementor-column elementor-col-100 elementor-top-column elementor-element elementor-element-f886748\" data-id=\"f886748\" data-element_type=\"column\">\n\t\t\t<div class=\"elementor-widget-wrap elementor-element-populated\">\n\t\t\t\t\t\t\t\t<div class=\"elementor-element elementor-element-de60a5d elementor-aspect-ratio-169 elementor-widget elementor-widget-video\" data-id=\"de60a5d\" data-element_type=\"widget\" data-settings=\"{&quot;youtube_url&quot;:&quot;https:\\\/\\\/www.youtube.com\\\/watch?v=8DdXS3xJHZM&quot;,&quot;video_type&quot;:&quot;youtube&quot;,&quot;controls&quot;:&quot;yes&quot;,&quot;aspect_ratio&quot;:&quot;169&quot;}\" data-widget_type=\"video.default\">\n\t\t\t\t<div class=\"elementor-widget-container\">\n\t\t\t\t\t<div class=\"elementor-wrapper elementor-fit-aspect-ratio elementor-open-inline\">\n\t\t\t<div class=\"elementor-video\"><\/div>\t\t<\/div>\n\t\t\t\t<\/div>\n\t\t\t\t<\/div>\n\t\t\t\t\t<\/div>\n\t\t<\/div>\n\t\t\t\t\t\t\t<\/div>\n\t\t<\/section>\n\t\t\t\t<section class=\"elementor-section elementor-top-section elementor-element elementor-element-30c2f26 elementor-section-full_width elementor-section-height-default elementor-section-height-default\" data-id=\"30c2f26\" data-element_type=\"section\">\n\t\t\t\t\t\t<div class=\"elementor-container elementor-column-gap-default\">\n\t\t\t\t\t<div class=\"elementor-column elementor-col-33 elementor-top-column elementor-element elementor-element-d10ceb1\" data-id=\"d10ceb1\" data-element_type=\"column\">\n\t\t\t<div class=\"elementor-widget-wrap elementor-element-populated\">\n\t\t\t\t\t\t\t\t<div class=\"elementor-element elementor-element-3bf96db elementor-align-center elementor-widget elementor-widget-button\" data-id=\"3bf96db\" data-element_type=\"widget\" data-widget_type=\"button.default\">\n\t\t\t\t<div class=\"elementor-widget-container\">\n\t\t\t\t\t<div class=\"elementor-button-wrapper\">\n\t\t\t<a href=\"http:\/\/obotodexico.com.br\/index.php\/capitulo-11\/\" class=\"elementor-button-link elementor-button elementor-size-sm\" role=\"button\">\n\t\t\t\t\t\t<span class=\"elementor-button-content-wrapper\">\n\t\t\t\t\t\t<span class=\"elementor-button-icon elementor-align-icon-left\">\n\t\t\t\t<i aria-hidden=\"true\" class=\"far fa-arrow-alt-circle-left\"><\/i>\t\t\t<\/span>\n\t\t\t\t\t\t<span class=\"elementor-button-text\">Anterior<\/span>\n\t\t<\/span>\n\t\t\t\t\t<\/a>\n\t\t<\/div>\n\t\t\t\t<\/div>\n\t\t\t\t<\/div>\n\t\t\t\t\t<\/div>\n\t\t<\/div>\n\t\t\t\t<div class=\"elementor-column elementor-col-33 elementor-top-column elementor-element elementor-element-c36a745\" data-id=\"c36a745\" data-element_type=\"column\">\n\t\t\t<div class=\"elementor-widget-wrap elementor-element-populated\">\n\t\t\t\t\t\t\t\t<div class=\"elementor-element elementor-element-78fc0f0 elementor-align-center elementor-mobile-align-left elementor-widget elementor-widget-button\" data-id=\"78fc0f0\" data-element_type=\"widget\" data-widget_type=\"button.default\">\n\t\t\t\t<div class=\"elementor-widget-container\">\n\t\t\t\t\t<div class=\"elementor-button-wrapper\">\n\t\t\t<a href=\"http:\/\/obotodexico.com.br\/\" class=\"elementor-button-link elementor-button elementor-size-sm\" role=\"button\">\n\t\t\t\t\t\t<span class=\"elementor-button-content-wrapper\">\n\t\t\t\t\t\t<span class=\"elementor-button-icon elementor-align-icon-right\">\n\t\t\t\t<i aria-hidden=\"true\" class=\"fas fa-home\"><\/i>\t\t\t<\/span>\n\t\t\t\t\t\t<span class=\"elementor-button-text\">\u00cdndice<\/span>\n\t\t<\/span>\n\t\t\t\t\t<\/a>\n\t\t<\/div>\n\t\t\t\t<\/div>\n\t\t\t\t<\/div>\n\t\t\t\t\t<\/div>\n\t\t<\/div>\n\t\t\t\t<div class=\"elementor-column elementor-col-33 elementor-top-column elementor-element elementor-element-5acf2bc\" data-id=\"5acf2bc\" data-element_type=\"column\">\n\t\t\t<div class=\"elementor-widget-wrap elementor-element-populated\">\n\t\t\t\t\t\t\t\t<div class=\"elementor-element elementor-element-3d4a843 elementor-align-center elementor-widget elementor-widget-button\" data-id=\"3d4a843\" data-element_type=\"widget\" data-widget_type=\"button.default\">\n\t\t\t\t<div class=\"elementor-widget-container\">\n\t\t\t\t\t<div class=\"elementor-button-wrapper\">\n\t\t\t<a href=\"http:\/\/obotodexico.com.br\/index.php\/capitulo-13\/\" class=\"elementor-button-link elementor-button elementor-size-sm\" role=\"button\">\n\t\t\t\t\t\t<span class=\"elementor-button-content-wrapper\">\n\t\t\t\t\t\t<span class=\"elementor-button-icon elementor-align-icon-right\">\n\t\t\t\t<i aria-hidden=\"true\" class=\"far fa-arrow-alt-circle-right\"><\/i>\t\t\t<\/span>\n\t\t\t\t\t\t<span class=\"elementor-button-text\">Pr\u00f3ximo<\/span>\n\t\t<\/span>\n\t\t\t\t\t<\/a>\n\t\t<\/div>\n\t\t\t\t<\/div>\n\t\t\t\t<\/div>\n\t\t\t\t\t<\/div>\n\t\t<\/div>\n\t\t\t\t\t\t\t<\/div>\n\t\t<\/section>\n\t\t\t\t<section class=\"elementor-section elementor-top-section elementor-element elementor-element-f8f1f67 elementor-section-boxed elementor-section-height-default elementor-section-height-default\" data-id=\"f8f1f67\" data-element_type=\"section\">\n\t\t\t\t\t\t<div class=\"elementor-container elementor-column-gap-default\">\n\t\t\t\t\t<div class=\"elementor-column elementor-col-100 elementor-top-column elementor-element elementor-element-cd73e99\" data-id=\"cd73e99\" data-element_type=\"column\">\n\t\t\t<div class=\"elementor-widget-wrap\">\n\t\t\t\t\t\t\t\t\t<\/div>\n\t\t<\/div>\n\t\t\t\t\t\t\t<\/div>\n\t\t<\/section>\n\t\t\t\t\t\t<\/div>\n\t\t\t\t\t<\/div>\n\t\t","protected":false},"excerpt":{"rendered":"<p>O Cobrador da Amaz\u00f4nia Autor: Chicco Moreira Anterior \u00cdndice Pr\u00f3ximo XII. Um crime na floresta Envolto nessa atmosfera de lendas e hist\u00f3rias espetaculares, num passeio pela vila para aliviar as tens\u00f5es, Francisco tem um choque ao ouvir boatos sobre um assassinato em Xavier. Surgem relatos aterrorizantes sobre um velho gordo e uma mulher encontrados mortos &hellip;<\/p>\n<p class=\"read-more\"> <a class=\"\" href=\"http:\/\/obotodexico.com.br\/index.php\/capitulo-12\/\"> <span class=\"screen-reader-text\">cap\u00edtulo 12<\/span> Leia mais &raquo;<\/a><\/p>\n","protected":false},"author":1,"featured_media":0,"parent":0,"menu_order":0,"comment_status":"closed","ping_status":"closed","template":"","meta":{"footnotes":""},"class_list":["post-501","page","type-page","status-publish","hentry"],"uagb_featured_image_src":{"full":false,"thumbnail":false,"medium":false,"medium_large":false,"large":false,"1536x1536":false,"2048x2048":false},"uagb_author_info":{"display_name":"obotodexico","author_link":"http:\/\/obotodexico.com.br\/index.php\/author\/obotodexico\/"},"uagb_comment_info":0,"uagb_excerpt":"O Cobrador da Amaz\u00f4nia Autor: Chicco Moreira Anterior \u00cdndice Pr\u00f3ximo XII. Um crime na floresta Envolto nessa atmosfera de lendas e hist\u00f3rias espetaculares, num passeio pela vila para aliviar as tens\u00f5es, Francisco tem um choque ao ouvir boatos sobre um assassinato em Xavier. Surgem relatos aterrorizantes sobre um velho gordo e uma mulher encontrados mortos&hellip;","_links":{"self":[{"href":"http:\/\/obotodexico.com.br\/index.php\/wp-json\/wp\/v2\/pages\/501","targetHints":{"allow":["GET"]}}],"collection":[{"href":"http:\/\/obotodexico.com.br\/index.php\/wp-json\/wp\/v2\/pages"}],"about":[{"href":"http:\/\/obotodexico.com.br\/index.php\/wp-json\/wp\/v2\/types\/page"}],"author":[{"embeddable":true,"href":"http:\/\/obotodexico.com.br\/index.php\/wp-json\/wp\/v2\/users\/1"}],"replies":[{"embeddable":true,"href":"http:\/\/obotodexico.com.br\/index.php\/wp-json\/wp\/v2\/comments?post=501"}],"version-history":[{"count":16,"href":"http:\/\/obotodexico.com.br\/index.php\/wp-json\/wp\/v2\/pages\/501\/revisions"}],"predecessor-version":[{"id":1024,"href":"http:\/\/obotodexico.com.br\/index.php\/wp-json\/wp\/v2\/pages\/501\/revisions\/1024"}],"wp:attachment":[{"href":"http:\/\/obotodexico.com.br\/index.php\/wp-json\/wp\/v2\/media?parent=501"}],"curies":[{"name":"wp","href":"https:\/\/api.w.org\/{rel}","templated":true}]}}